 m(r) = 38*r - 807. Calculate m(22).
29
Let d(h) = -6*h**2 - 394*h - 224. Determine d(-65).
36
Let n(j) = 296*j + 7351. Determine n(-25).
-49
Let y(j) = j**2 + 78*j - 2840. Give y(27).
-5
Let a(u) = u**3 - u**2 + 86*u + 87. Determine a(-1).
-1
Let z(w) = -360*w + 3595. Determine z(10).
-5
Let q(p) = 46*p**2 - 99*p + 11. Calculate q(2).
-3
Let x(s) = -3*s**2 - 139*s - 630. What is x(-5)?
-10
Let l(y) = -24*y**2 + 888*y + 6. Give l(37).
6
Let a(x) = x**3 - 18*x**2 + 688*x - 11414. Give a(17).
-7
Let h(q) = 14*q**2 + 1092*q - 2248. Give h(-80).
-8
Let i(j) = 8*j**3 + 47*j**2 - 7*j - 3. What is i(-6)?
3
Let w(p) = 6*p**3 + 19*p**2 + 8*p + 21. What is w(-5)?
-294
Let k(d) = -279*d + 1962. Determine k(7).
9
Let b(a) = 244*a - 406. Give b(2).
82
Let m(j) = -j**2 - 29*j + 95. What is m(-30)?
65
Let g(l) = 749*l + 1543. Give g(-2).
45
Let z(w) = w**2 - 21*w - 82. What is z(-4)?
18
Let d(z) = -z**3 + 7*z**2 - 33*z + 130. Determine d(5).
15
Let v(g) = -449*g - 8085. What is v(-18)?
-3
Let k(r) = -r**2 - 101*r - 230. Calculate k(-98).
64
Let r(x) = 2*x**2 - 26*x - 100. Give r(16).
-4
Let b(t) = 5*t**2 + 199*t + 1960. Calculate b(-18).
-2
Let t(v) = -v**3 - 15*v**2 - 57*v - 12. Determine t(-9).
15
Let a(k) = -27*k**2 + 136*k + 12. Determine a(6).
-144
Let k(a) = 2*a**3 - 46*a**2 - 383*a + 9397. Calculate k(22).
3
Let w(v) = -v**2 + 217*v - 1273. What is w(6)?
-7
Let x(l) = l**2 - 6*l - 70. What is x(10)?
-30
Let k(j) = 98*j + 9217. What is k(-94)?
5
Let j(p) = -42*p - 1551. Calculate j(-37).
3
Let i(f) = 201*f + 126. What is i(1)?
327
Let r(o) = 1958*o - 15566. Give r(8).
98
Let l(b) = 500*b + 1513. What is l(-3)?
13
Let l(f) = -f**3 + 43*f**2 + 1024*f + 4. Calculate l(-17).
-64
Let c(p) = -p**3 + 3*p**2 + 18*p - 3. Calculate c(7).
-73
Let p(a) = -a**2 + 61*a - 452. Calculate p(10).
58
Let w(i) = -251*i + 3009. Give w(12).
-3
Let p(c) = c**2 + 3*c - 170. What is p(-15)?
10
Let h(f) = -14*f**2 + 87*f - 86. Determine h(1).
-13
Let b(j) = -8*j**2 - 622*j - 275. Calculate b(-77).
187
Let z(x) = -103*x**2 + 3708*x + 38. Determine z(36).
38
Let q(r) = 86*r + 54. Give q(2).
226
Let s(v) = -2*v**2 + 86*v + 708. What is s(50)?
8
Let l(n) = -4*n**2 - 210*n - 2252. Determine l(-15).
-2
Let a(l) = l**3 - 14*l**2 + 23*l - 47. Calculate a(13).
83
Let t(k) = -212*k**2 + 4*k + 2. Give t(1).
-206
Let r(i) = -63*i - 264. Determine r(-7).
177
Let i(z) = z**2 - 10*z - 387. Determine i(25).
-12
Let o(j) = 946*j**2 - 16*j - 7. Give o(-1).
955
Let f(l) = -2*l**2 - 12*l + 17. Determine f(-8).
-15
Let h(g) = -g**2 - 2*g + 83. Calculate h(-10).
3
Let p(k) = -7*k**2 - 4*k + 9. Determine p(-5).
-146
Let n(g) = 33*g + 377. Give n(-16).
-151
Let d(w) = -4294*w + 42931. Determine d(10).
-9
Let h(n) = -11*n**2 + 952*n + 435. Calculate h(87).
0
Let k(z) = z**3 - 18*z**2 + 42*z + 295. Calculate k(13).
-4
Let i(h) = 19*h + 114. Determine i(10).
304
Let z(b) = -b**2 + 18*b - 7. Calculate z(13).
58
Let a(s) = 11*s**2 - 81*s - 11. What is a(10)?
279
Let k(w) = -65*w - 455. Determine k(-7).
0
Let s(i) = -84*i + 5543. Calculate s(66).
-1
Let t(w) = -w**2 - 12*w - 79. Give t(11).
-332
Let f(j) = -13*j + 7. Calculate f(16).
-201
Let h(z) = -5*z**3 - 3*z**2 - 7*z - 5. Give h(-3).
124
Let q(r) = -2*r**2 + 23*r + 283. What is q(-7)?
24
Let x(w) = 41*w - 122. Calculate x(6).
124
Let v(x) = 15*x - 138. What is v(10)?
12
Let d(o) = 4*o - 255. What is d(59)?
-19
Let y(t) = -15649*t + 6. Calculate y(0).
6
Let k(a) = -402*a - 2837. Determine k(-7).
-23
Let v(m) = 79*m - 388. Calculate v(5).
7
Let s(g) = -30*g - 770. What is s(-13)?
-380
Let l(t) = 126*t - 815. Determine l(6).
-59
Let j(h) = -5*h**2 - 151*h + 76. Determine j(-29).
250
Let t(l) = -2*l**2 - 75*l + 89. What is t(-39)?
-28
Let w(s) = -66*s + 3665. Determine w(55).
35
Let r(z) = 27*z**2 + 13*z + 14. What is r(-3)?
218
Let o(p) = -p**2 + 27*p - 56. Determine o(16).
120
Let p(d) = -d**3 - 147*d**2 + 161*d + 1928. Calculate p(-148).
4
Let g(i) = 4*i - 81. Calculate g(7).
-53
Let k(w) = w**3 - 25*w**2 + 24*w - 52. Calculate k(24).
-52
Let x(b) = 154*b + 4285. Calculate x(-28).
-27
Let r(q) = -54*q + 1195. What is r(22)?
7
Let w(l) = l**3 + 41*l**2 - 122*l + 619. Calculate w(-44).
179
Let x(b) = 50*b + 910. What is x(-18)?
10
Let a(h) = -26*h**2 + 3*h + 48. Give a(-3).
-195
Let u(w) = -w**3 - 10*w**2 - 22*w - 119. Give u(-9).
-2
Let n(f) = -299*f + 687. Determine n(2).
89
Let p(t) = t**3 + 21*t**2 - 396*t + 16. Calculate p(-33).
16
Let m(x) = -3*x**3 + x**2 + 357*x - 67. What is m(11)?
-12
Let x(l) = l**2 - 10*l - 29. Determine x(12).
-5
Let h(c) = -376*c - 4094. Calculate h(-11).
42
Let n(v) = -11*v - 532. What is n(-48)?
-4
Let p(r) = r**2 - 14*r - 114. What is p(0)?
-114
Let y(t) = -22*t + 38. Determine y(3).
-28
Let n(u) = -3*u**2 - 18*u + 277. What is n(-13)?
4
Let a(c) = 2*c**3 - 49*c**2 - 93*c - 1143. Calculate a(27).
-9
Let r(u) = -84*u**2 + 496*u + 8. What is r(5)?
388
Let l(b) = 7*b**2 + 4*b + 5. Calculate l(-2).
25
Let q(n) = -n**3 + 20*n**2 + 76*n - 24. What is q(23)?
137
Let y(w) = 5*w + 566. Give y(-112).
6
Let o(u) = -61*u**2 - 671*u + 9. Determine o(-11).
9
Let f(z) = 688*z + 26827. Give f(-39).
-5
Let f(q) = 2*q**2 + 228*q + 1118. Calculate f(-109).
28
Let j(l) = 139*l**2 - 975*l - 5. Give j(7).
-19
Let c(z) = -2*z**3 + 17*z**2 - 49*z + 708. Determine c(10).
-82
Let f(x) = -x**3 + 2*x**2 + 17*x - 45. Calculate f(4).
-9
Let i(y) = 2*y**2 - 111*y + 375. Determine i(52).
11
Let n(b) = -2*b**3 + 6*b**2 + 508*b - 1510. Give n(3).
14
Let x(s) = 2*s**2 + 48*s - 581. Give x(-33).
13
Let w(t) = t**2 + 64*t - 571. Determine w(-72).
5
Let i(c) = -c**2 + 53*c - 156. Determine i(50).
-6
Let v(y) = y**3 - 16*y**2 + 2*y + 202. Give v(15).
7
Let g(o) = -74*o + 12882. Determine g(174).
6
Let t(r) = -r**2 - 230*r - 13149. Calculate t(-106).
-5
Let m(y) = 50*y + 14. What is m(5)?
264
Let w(v) = v**2 - v + 47. Calculate w(16).
287
Let z(d) = -5*d**2 + 24*d + 395. Calculate z(-11).
-474
Let w(p) = -6837*p + 68389. Determine w(10).
19
Let r(c) = 53*c - 1043. Calculate r(17).
-142
Let h(r) = -2*r**2 - 27*r - 45. Determine h(-18).
-207
Let n(s) = -42*s**2 - 619*s + 829. Give n(-16).
-19
Let o(r) = -r**3 - 15*r**2 - 31*r + 21. What is o(-11)?
-122
Let s(j) = -6*j**2 - 10*j + 6. Give s(0).
6
Let v(b) = -b**2 - b + 10. What is v(-5)?
-10
Let m(g) = -g**3 + 17*g**2 + 5*g - 10. Calculate m(17).
75
Let c(o) = o**2 - 12*o - 18. Calculate c(14).
10
Let l(o) = o**3 + 62*o**2 + 519*o + 7366. Determine l(-55).
-4
Let o(g) = g**3 - 5*g**2 - 20*g + 80. Determine o(7).
38
Let o(f) = 927*f - 4639. Give o(5).
-4
Let f(w) = w**2 + 28*w + 239. Calculate f(-7).
92
Let u(a) = -104*a + 4799. What is u(46)?
15
Let c(k) = -k**3 + 24*k**2 + 54*k - 40. Determine c(26).
12
Let a(x) = -4*x**3 + x**2 - 3*x - 15. Calculate a(-2).
27
Let v(f) = 10*f - 640. Give v(47).
-170
Let j(x) = 3*x**2 + 85*x - 561. Determine j(-33).
-99
Let l(j) = j**3 + 27*j**2 + 27*j - 58. Give l(-2).
-12
Let j(i) = i**2 - 976. Give j(-31).
-15
Let r(w) = -2*w**2 - 153*w + 1703. Calculate r(-86).
69
Let c(q) = -2*q**3 + 32*q**2 + 38*q - 56. Determine c(17).
12
Let j(f) = -109*f + 410. Give j(4).
-26
Let a(i) = 4*i**2 - 4*i - 19. Determine a(6).
101
Let c(d) = 71*d**2 + 60*d - 137. Give c(2).
267
Let i(h) = 4*h**2 - 50*h + 49. Calculate i(1).
3
Let k(m) = -6*m + 141. What is k(25)?
-9
Let a(p) = -27*p + 1423. Give a(51).
46
Let g(w) = 112*w - 1117. Determine g(6).
-445
Let l(h) = 5804*h + 65. What is l(0)?
65
Let n(m) = m**3 - 13*m**2 - 16*m - 25. Determine n(9).
-493
Let w(v) = -19*v + 1476. Calculate w(76).
32
Let x(c) = 3*c**3 + 211*c**2 + 78*c + 555. Calculate x(-70).
-5
Let r(i) = i**3 + 247*i**2 - 3657*i - 809. What is r(-261)?
-26
Let l(t) = 289*t + 9815. Give l(-34).
-11
Let o(q) = -2*q**2 - 955*q - 1908. Determine o(-2).
-6
Let d(w) = w**2 - 135*w + 1029. Give d(8).
13
Let x(g) = 10*g + 523. Give x(-35).
173
Let m(c) = -c**3 - 5*c**2 + 9*c - 37. Determine m(-6).
-55
Let i(b) = -b**3 - 37*b**2 - 5*b - 193. What is i(-37)?
-8
Let r(q) = -2026*q - 8096. Calculate r(-4).
8
Let z(d) = d**3 - 29*d**2 - 9. Determine z(29).
-9
Let n(d) = -d**2 + 17*d - 34. Determine n(18).
-52
Let u(x) = -7*x - 130. Calculate u(-5).
-95
Let z(i) = 9*i**2 - 75*i - 2. Determine z(4).
-158
Let b(u) = -u**3 - 94*u**2 - 443*u + 